46/(-3). List the prime factors of (11/(-22))/(1/p).
3, 23
Let b(s) = 268 + 12*s - s**2 + 18*s + s**3 - 32*s. List the prime factors of b(0).
2, 67
Suppose 0 = -3*d + 4*c + 3457, 3*d - 3*c - 3469 = -5*c. List the prime factors of d.
3, 5, 7, 11
Suppose 25*d - 26*d = -9. Suppose 53 - 566 = -d*p. List the prime factors of p.
3, 19
List the prime factors of 1583/3 - 38/57.
17, 31
Suppose -3*l = -9 - 45. What are the prime factors of l?
2, 3
Let w be (-100)/30*-3*1. Let g be 4 - 5 - w/(-1). Let x = 24 - g. List the prime factors of x.
3, 5
Let t(n) = -n**2 - 26*n + 5. Let w be t(-12). Suppose 0*s = -4*s + 3*l + w, l = -4*s + 161. List the prime factors of s.
41
Suppose -15*v = -12*v - 228. Let q = 132 - v. What are the prime factors of q?
2, 7
Let q(p) = p**3 + 5*p**2 + 4. Let s be q(-5). Suppose -156 = s*i - 0*i. Let x = i - -70. What are the prime factors of x?
31
Suppose -2*m + 198 = -3*o, -4*m + 3*o = -o - 404. What are the prime factors of m?
3, 5, 7
Suppose 24*b - 3233 = 4567. What are the prime factors of b?
5, 13
Let n(x) = -4*x + 16. Let f be n(4). What are the prime factors of (6*(5 - f))/((-4)/(-6))?
3, 5
Let k(n) = -n**2 - 4*n + 4. Let w be k(-4). List the prime factors of 3/(5/(2040/w)).
2, 3, 17
Let i = -1300 - -2386. Let x = i - 2436. List the prime factors of 4*(x/(-8))/9.
3, 5
Let a(n) = n**2 + 3*n - 13. Let m be a(4). Suppose -w = 4*w - m. What are the prime factors of 1988/(-42)*w/(-2)?
71
Let y = -249 - -367. Suppose 0 = 4*h - 254 - y. Suppose h = 5*o + 13. What are the prime factors of o?
2
List the prime factors of 2302/14 - (-159)/(-371).
2, 41
Let z be 0 + (-12)/4 + 14. Let y = z + -12. Let r(h) = 22*h**2 + 1. What are the prime factors of r(y)?
23
Let f be (11 - 0)/((-2)/2). Let w = -8 - f. Suppose -w*a = 0, 2*h = 3*a - a + 4. What are the prime factors of h?
2
Suppose -1 = -p + 1. Let u(k) = -k**2 + 9*k + 12. Let j be u(10). Suppose j = 4*d - p, 0 = 5*a + 5*d - 150. List the prime factors of a.
29
Suppose -q - 4 = -2*u - 5*q, 0 = 3*u + 5*q - 10. What are the prime factors of (-4)/u - 2691/(-15)?
179
Suppose 0 = -54*w + 56*w - 846. What are the prime factors of w?
3, 47
Let s(h) = 95*h + 76. What are the prime factors of s(7)?
3, 13, 19
Suppose -9*o - 14 - 22 = 0. List the prime factors of (-2)/4*-4 + (14 - o).
2, 5
Let i(c) = c + 12. Let q be i(-3). Let v = 23 - q. What are the prime factors of v?
2, 7
Let n be (6 + -5)/(2/(-6)). Let a(q) = 2*q + 4. Let m be a(n). List the prime factors of (m - -10)/((-2)/(-7)).
2, 7
Let q = -235 - -718. What are the prime factors of q?
3, 7, 23
Let w = 22 - 48. List the prime factors of (-2)/13 + -4*300/w.
2, 23
Let y be 148/6*(9 - 3)*1. Suppose 83 = 7*o - y. List the prime factors of o.
3, 11
Suppose -11*j + 7*j = -12124. What are the prime factors of j?
7, 433
Suppose -11 + 15 = 2*u. Suppose 0 = -p + 72 + u. List the prime factors of p.
2, 37
Let r = -57 + 109. List the prime factors of (-11)/(2*(-2)/r).
11, 13
Let i(l) = 58*l - 21. Let x be i(6). Suppose -3*b + x = 4*s - 74, -234 = -2*b + 4*s. List the prime factors of b.
127
Let h = 16 - 14. Suppose 0 = -i + 5*q + 37, h*i + 5*q - 10 = 49. What are the prime factors of i?
2
Let l(f) = 2*f**3 + 5*f**2 - 6*f - 15*f**2 - 7 - f**3 - 11*f. What are the prime factors of l(12)?
7, 11
Let o = -82 - -3531. What are the prime factors of o?
3449
Let p(m) be the second derivative of 0 - 11/6*m**3 - 7/2*m**2 + 3*m - 1/12*m**4. What are the prime factors of p(-7)?
3, 7
Let h(m) = 11*m**3 - m**2 + 6*m - 4. What are the prime factors of h(3)?
2, 151
Suppose 2*y = -5*r + y - 91, -1 = -r - 5*y. Let d = r - -58. What are the prime factors of d?
3, 13
Suppose -22*c = -3086 - 49076. List the prime factors of c.
2371
Let n(b) = 127*b - 123. Let h(m) = 32*m - 31. Let j(v) = -9*h(v) + 2*n(v). List the prime factors of j(-7).
271
List the prime factors of 371*(-8)/(-14)*(-4)/(-8).
2, 53
Suppose 2*g - s - 8 = 0, -5 = -5*g + 5*s + 15. Suppose g*h = -15 + 3. List the prime factors of (-12 + h)*42/(-10).
3, 7
Suppose 0 = -35*g + 41*g - 4818. List the prime factors of g.
11, 73
What are the prime factors of (-26)/195 - (-3 + 1472/(-15))?
101
Suppose -5*x = -m - 8, 5*x - 8 - 6 = -2*m. Suppose m*d - 1600 = 7*d. What are the prime factors of (-30)/25*d/6?
2
Let f(t) = -3*t**3 + 4*t**2 + 8*t + 11. Let w be f(-6). Suppose -145 = -9*h + w. What are the prime factors of h?
2, 5
List the prime factors of (-10850)/(-15) + (-6)/18.
3, 241
Let d = 77 + -77. Suppose 0 = 6*x - d*x - 1158. List the prime factors of x.
193
Let r(t) = 4*t**2 - 41*t + 55. What are the prime factors of r(20)?
5, 167
Let y be (-9)/(-3)*(0 + -4*2). Let h = y + 69. List the prime factors of h.
3, 5
Let x(o) = 45*o**2 - 12*o + 45. Let i be x(5). Suppose 18*p - 12*p = i. What are the prime factors of p?
5, 37
Let c(j) = j**3 - 2*j**2 - 4*j + 8. Let v be c(3). Suppose -v*t + 795 + 45 = 0. What are the prime factors of t?
2, 3, 7
Let t = 52 + -28. Let v = 55 - t. List the prime factors of v.
31
List the prime factors of (-5624)/14*(-182)/52.
2, 19, 37
Let s(m) be the third derivative of -m**6/120 - 3*m**2. Let g be s(-1). Let z = 38 - g. List the prime factors of z.
37
Suppose 5*n = -149 + 584. List the prime factors of n.
3, 29
Suppose -v = -6 + 4. List the prime factors of (-3 + v)/((-6)/246).
41
Let m(b) = b. Suppose 5*h - 19 = -3*q, -q = -4*q - 4*h + 14. Let i be m(q). List the prime factors of 3 - (i + (5 - 2)).
2
Let p(j) = -1090*j - 464. List the prime factors of p(-3).
2, 23, 61
Suppose -926 = -10*f - 3236. Let l = -92 - f. What are the prime factors of l?
139
Let k(a) = -a**2 - 9*a - 10. Let s be k(-6). Let x = 30 + s. List the prime factors of x.
2, 19
Let b(k) = -6*k**3 + 8*k**2 + 5*k + 1. Let h(p) = p**2 + p. Let y(j) = b(j) - 6*h(j). Let g be y(-2). Suppose -5*z = -164 + g. What are the prime factors of z?
3, 7
Let v(q) = 6*q**2 - 1. Let a be v(-1). Suppose -3*l = a*m + 11, 13 - 5 = -2*m. Suppose -14 = -l*t + 103. List the prime factors of t.
3, 13
Let t(i) = 15*i**3 - 14*i**2 + 11*i - 10. What are the prime factors of t(7)?
2, 31, 73
Let l(f) = -6*f + 3*f - 6*f - 5. Let d(y) = y**3 - 10*y**2 + 2*y - 23. Let p be d(10). List the prime factors of l(p).
2, 11
Suppose 4*k + 16 = 4*p - 0*p, 4*p + 3*k + 5 = 0. Let d be 99/27 - 4/6. List the prime factors of p/(d + (-33)/12).
2
Let w(j) = 3*j + 29. List the prime factors of w(11).
2, 31
Suppose 2*o - 178 = j, o = -2*j - 0*j + 94. Suppose 4*z + 34 = -o. What are the prime factors of (z/2)/(11/(-22))?
31
Suppose -2*t + 15 = c - 0*c, t + 5*c - 21 = 0. List the prime factors of ((-8)/(-3))/(t/54).
2, 3
Suppose 0 = x - d - 66 - 45, d = -x + 115. Let j = x + -68. List the prime factors of j.
3, 5
Let m = 208 - -474. What are the prime factors of m?
2, 11, 31
Suppose 12*v - 6704 - 13288 = 0. List the prime factors of v.
2, 7, 17
Let n be ((-11)/1)/((-6)/690*5). Let j = -165 + n. List the prime factors of j.
2, 11
List the prime factors of -384*44/(-56) - 6/(-21).
2, 151
List the prime factors of ((-42)/(-28))/(239/236 + -1).
2, 59
Suppose 4*c = 5*r - 8144, 10*r - 4892 = 7*r + c. What are the prime factors of r?
2, 3, 17
Let s(z) = -z**3 + 6. Let c be s(0). Suppose -l = -5*m - c*l, 0 = -5*m + 5*l + 40. Suppose 2 = m*k - 34. List the prime factors of k.
3
Let l = -901 + 2731. List the prime factors of l.
2, 3, 5, 61
Suppose 139 = -12*s + 5335. What are the prime factors of s?
433
Let n be 6105/(-35) + (-3)/(-7). Let j = -62 - n. Suppose 2*a = 14 + j. List the prime factors of a.
3, 7
Let k = -6198 + 9563. List the prime factors of k.
5, 673
Suppose -2*i = -g - 4*g + 5754, 10 = -5*i. What are the prime factors of g?
2, 5, 23
Let c be -20*-6*(-6)/(-45). Let t = c - 22. What are the prime factors of t/(-10) + (-171)/(-15)?
2, 3
Let y be 24/16*(-106)/(-3). Suppose -2*j - y = -3*j. What are the prime factors of j?
53
Suppose 5*q = -o - 8, 0 = -2*o - 2*q + 4*q - 16. Let f(r) = -r**3 - 8*r**2 - 2*r - 12. Let n be f(o). Suppose -2*l = -0*l - n. List the prime factors of l.
2
Suppose 0 = 7*z + 1258 - 68. What are the prime factors of 6/2 - (z + 16)?
157
Suppose -5*j + 18 + 2 = 0. List the prime factors of (j*-1)/((-3)/15).
2, 5
Let p(r) = -r**3 + r**2 + 2*r - 3. Let f be p(2). Let m(i) be the third derivative of -5*i**4/24 + 2*i**3/3 - 4*i**2. List the prime fa